Determine y(59).
88
Let f(p) = -35*p**2 - 19*p + 37. Determine f(2).
-141
Let c(u) = -u**2 - 20*u + 167. Calculate c(-33).
-262
Let q(o) = 192*o - 6517. Calculate q(34).
11
Let j(o) = -335*o + 1694. Determine j(5).
19
Let d(a) = -7*a**3 - 27*a**2 + 5*a + 5. Determine d(-7).
1048
Let l(m) = 2*m**3 - 21*m**2 + 18*m - 58. Give l(10).
22
Let z(o) = -o**2 + 36*o + 37. Calculate z(16).
357
Let b(u) = 40*u - 832. Determine b(19).
-72
Let c(p) = -p**2 + 10*p + 40. Determine c(10).
40
Let v(j) = -273*j + 54053. What is v(198)?
-1
Let h(x) = -x**2 + 21*x + 888. Determine h(-22).
-58
Let p(l) = 71*l + 15. Determine p(0).
15
Let s(z) = -z**2 - 1127*z - 5612. Determine s(-5).
-2
Let q(u) = 4*u**2 - 555*u + 2165. Determine q(4).
9
Let s(g) = -g**3 - 6*g**2 + 5*g - 37. Give s(-7).
-23
Let l(o) = -2*o**2 + 37*o + 24. Calculate l(22).
-130
Let k(l) = 4*l**2 - 108*l - 5. Calculate k(27).
-5
Let q(r) = -64*r**2 - 224*r - 4. Determine q(-3).
92
Let r(j) = -4*j + 108. What is r(6)?
84
Let b(m) = -9*m + 99. Calculate b(25).
-126
Let a(d) = -d**2 - 82*d - 1720. Give a(-40).
-40
Let x(z) = -2*z**2 - 22*z + 57. Give x(-12).
33
Let s(f) = f**3 + 2*f**2 + 12*f + 2. Determine s(4).
146
Let w(g) = g**3 - 34*g**2 + 292*g - 12. What is w(19)?
121
Let b(v) = -v**3 + 54*v**2 - 284*v - 314. Give b(48).
-122
Let v(c) = c**3 - 4*c**2 - 670*c + 2017. Determine v(3).
-2
Let x(m) = -2*m**2 + 30*m - 76. What is x(12)?
-4
Let m(f) = f**3 + 48*f**2 + 3872*f + 179772. What is m(-47)?
-3
Let c(n) = -n**2 + 126. Calculate c(11).
5
Let u(n) = -83*n + 7230. What is u(87)?
9
Let q(u) = 58*u - 155. What is q(11)?
483
Let l(v) = v**2 - 258*v - 261. Give l(-1).
-2
Let s(l) = -2*l**2 - 60*l + 1314. Give s(15).
-36
Let p(w) = w**3 + 24*w**2 - 425*w - 14. What is p(13)?
714
Let z(b) = -15*b + 330. Determine z(18).
60
Let v(r) = -640*r - 8955. Determine v(-14).
5
Let l(s) = 46*s + 1345. What is l(-29)?
11
Let x(b) = -257*b - 7452. Give x(-29).
1
Let f(z) = -z**2 - 24*z + 80. Calculate f(4).
-32
Let m(t) = -47*t**2 + 14*t + 11. Calculate m(-1).
-50
Let a(k) = -256*k - 223. Give a(-1).
33
Let x(q) = 22*q**2 + 21*q + 22. Determine x(-1).
23
Let j(a) = -2*a**2 - 138*a + 713. Give j(5).
-27
Let p(g) = g**3 - 23*g**2 - 8*g + 61. What is p(23)?
-123
Let y(w) = -2*w**3 - 34*w**2 - 57*w + 78. Calculate y(-16).
478
Let x(t) = t**3 - 69*t + 5. What is x(8)?
-35
Let z(l) = -14*l**2 + 23*l - 11. What is z(7)?
-536
Let z(m) = 2*m**3 - 76*m**2 + 2*m - 90. What is z(38)?
-14
Let x(w) = -24*w - 159. Calculate x(-8).
33
Let f(i) = -i**2 - 123*i - 3751. Give f(-66).
11
Let t(g) = 389*g - 9341. Calculate t(24).
-5
Let h(z) = z**3 + 36*z**2 - 6*z - 30. Calculate h(-36).
186
Let x(c) = -c**2 - 36*c + 4788. Give x(-90).
-72
Let h(y) = 120*y + 801. Give h(-7).
-39
Let c(s) = 77*s**2 + 11166*s + 139. Give c(-145).
-6
Let v(n) = 52*n + 311. Calculate v(-8).
-105
Let m(a) = -5*a**2 - 5686*a + 22726. Calculate m(4).
-98
Let y(n) = -8*n - 140. Calculate y(42).
-476
Let f(x) = -x**2 - 64*x + 7. Give f(0).
7
Let u(p) = 63*p**2 + 374*p + 8. Determine u(-6).
32
Let l(i) = -116*i + 4006. Determine l(34).
62
Let c(q) = q**3 - 11*q**2 + 21*q + 32. Calculate c(4).
4
Let n(y) = -y**2 - 2107*y + 14796. Calculate n(7).
-2
Let h(a) = 16*a**3 + 17*a**2 + 28*a + 8. Give h(-1).
-19
Let i(u) = u**2 + 70*u - 7074. Calculate i(56).
-18
Let w(t) = t**2 + 28*t + 190. What is w(-14)?
-6
Let u(b) = 5*b**2 + 145*b - 110. Give u(-30).
40
Let x(m) = m**3 + 59*m**2 - 16*m - 1025. Give x(-59).
-81
Let p(o) = 4*o**2 + 34*o - 14. What is p(-9)?
4
Let t(z) = -z**2 + 68*z + 703. Calculate t(-9).
10
Let x(t) = -2*t**2 + 92*t + 852. Calculate x(-8).
-12
Let f(w) = 10*w**2 - 16*w - 68. Calculate f(0).
-68
Let l(q) = -q**2 + 28*q - 33. What is l(25)?
42
Let o(f) = -f**2 + 294*f - 2290. Give o(8).
-2
Let v(z) = 159*z + 2088. Calculate v(-13).
21
Let g(u) = -u**3 + 36*u**2 - 296*u + 96. Give g(24).
-96
Let f(i) = i**2 + 152*i - 2878. Give f(17).
-5
Let d(v) = 274*v + 18860. Calculate d(-69).
-46
Let s(u) = u**3 - 76*u**2 - 4*u + 639. Calculate s(76).
335
Let r(h) = -h**3 + 19*h**2 + 18*h - 757. Determine r(18).
-109
Let r(g) = 120*g**2 - 82*g - 32. Calculate r(1).
6
Let f(b) = 50*b + 591. Determine f(-13).
-59
Let h(g) = -g**2 - 14*g + 182. Determine h(14).
-210
Let o(c) = -2*c**2 + 143*c - 1467. What is o(59)?
8
Let w(q) = -33*q**2 - 13*q + 21. Give w(-5).
-739
Let a(l) = 78*l - 7362. Calculate a(95).
48
Let r(g) = -6*g + 51. Give r(15).
-39
Let l(o) = 8*o + 292. Determine l(-29).
60
Let l(z) = z**2 - 688*z - 18562. What is l(-26)?
2
Let l(d) = 8*d**3 - 49*d**2 + 11*d + 18. Determine l(6).
48
Let c(w) = -4*w**2 - 272*w + 7. Determine c(-68).
7
Let h(t) = -213*t + 2694. Give h(13).
-75
Let s(r) = -69*r + 3312. Determine s(48).
0
Let d(n) = -n**3 + 21*n**2 - 92*n + 21. Give d(16).
-171
Let i(j) = 2*j**2 + 194*j + 883. What is i(-5)?
-37
Let n(g) = 3*g**2 - 61*g + 71. What is n(19)?
-5
Let s(d) = -115*d - 1262. Calculate s(-11).
3
Let f(p) = 10*p**2 + 113*p - 100. What is f(-12)?
-16
Let f(h) = h**2 + 1545*h - 23386. Determine f(15).
14
Let g(i) = -i**2 - 74*i - 554. Calculate g(-66).
-26
Let z(w) = w**2 - 67*w + 1081. What is z(37)?
-29
Let k(a) = -42*a + 111. Give k(7).
-183
Let k(u) = -482*u**2 + 17*u + 14. Determine k(-1).
-485
Let q(h) = -155*h - 1171. Give q(-8).
69
Let m(g) = g**3 - 18*g**2 + 11*g - 217. Determine m(18).
-19
Let h(z) = -79*z - 4636. What is h(-61)?
183
Let w(c) = -45*c - 310. Give w(-10).
140
Let s(f) = -2133*f + 179177. Give s(84).
5
Let f(z) = -198*z + 200. Give f(1).
2
Let i(t) = -246*t - 13950. What is i(-56)?
-174
Let s(j) = -j**2 - 35*j - 263. Give s(-11).
1
Let w(i) = -3*i**2 - 294*i - 1388. What is w(-5)?
7
Let q(i) = -43*i**2 - 1763*i + 32. What is q(-41)?
32
Let k(x) = -297*x + 3727. Determine k(13).
-134
Let v(f) = 53*f + 6327. Give v(-119).
20
Let u(t) = -t**3 - 27*t**2 - 62*t - 293. Determine u(-25).
7
Let f(b) = 23*b - 39. Calculate f(-3).
-108
Let t(u) = 84*u + 149. What is t(-2)?
-19
Let y(z) = -z**2 + 38*z + 398. What is y(46)?
30
Let h(p) = p**3 + 27*p**2 + 45*p + 507. Determine h(-26).
13
Let o(s) = 2*s**3 - 39*s**2 + 14*s + 110. Determine o(19).
15
Let k(i) = -12813*i**2 + 76879*i. Give k(6).
6
Let w(h) = -1282*h - 215375. Calculate w(-168).
1
Let k(s) = -12*s - 148. What is k(-15)?
32
Let n(q) = 2*q**2 - 88*q + 4. Give n(44).
4
Let g(q) = q**3 + 10*q**2 + 12*q - 52. Determine g(-6).
20
Let z(o) = o**3 + 36*o**2 + 18*o + 660. Determine z(-36).
12
Let g(u) = -u**2 - 46*u + 2196. Give g(27).
225
Let f(b) = 41*b - 571. Calculate f(12).
-79
Let i(s) = s**3 - 11*s**2 - 34*s - 12. What is i(15)?
378
Let c(n) = -220*n**2 + 4620*n + 24. Calculate c(21).
24
Let g(k) = -2*k**2 - 107*k - 96. What is g(-54)?
-150
Let z(t) = -t**3 - 4*t**2 - 177*t - 908. Calculate z(-5).
2
Let m(c) = -c**2 - 112*c - 2807. Determine m(-75).
-32
Let g(l) = -2*l**3 + 19*l**2 + 33*l - 1. What is g(11)?
-1
Let f(o) = 2152*o + 10910. Give f(-5).
150
Let t(l) = 2*l**3 + 41*l**2 - 13*l + 169. Calculate t(-21).
1
Let i(h) = h**3 - 6*h**2 - 87*h - 63. What is i(13)?
-11
Let g(z) = -2*z**3 + 27*z**2 + 27*z - 35. What is g(13)?
485
Let z(q) = 2*q**2 - 878*q + 6040. Give z(432).
-8
Let q(i) = i**2 - 53*i + 158. What is q(3)?
8
Let h(r) = 2*r**3 - 13*r**2 - 102*r + 668. What is h(7)?
3
Let h(x) = -19*x**3 - 12*x - 13. Determine h(-3).
536
Let t(v) = 73*v - 419. Give t(6).
19
Let f(j) = -47*j - 710. Determine f(-31).
747
Let o(h) = h**3 - 6*h**2 + 19*h - 44. Calculate o(4).
0
Let k(l) = -l**3 - 23*l**2 + 99*l + 1225. Determine k(-25).
0
Let l(w) = 2*w**3 + 11*w**2 - 40*w + 120. Give l(7).
1065
Let k(x) = 543*x - 1064. What is k(2)?
22
Let m(j) = 76*j + 485. Give m(-11).
-351
Let o(k) = -107*k + 1978. Calculate o(19).
-55
Let t(f) = 11*f**3 - 15*f**2 - 2*f - 9. What is t(-3)?
-435
Let g(q) = 374*q - 16442. Calculate g(44).
14
Let m(y) = -y**3 + 16*y**2 + 2*y - 45. Calculate m(16).
-13
Let a(n) = 30*n**2 + 196*n - 1. Determine a(-6).
-97
Let d(v) = 637*v + 1282. Calculate d(-2).
8
Let x(u) = u**3 + u**2 + 32*u + 1. Determine x(0).
1
Let y(t) = -331*t + 19188. Calculate y(58).
-10
Let y(h) = 220*h - 1209. What is y(5)?
-109
Let h(j) = -2*j**3 - 24*j**2 - 663*j - 7045. Calculate h(-11).
6
Let l(w) = -1650*w + 29713. What is l(18)?
13
Let u(t) = 761*t + 7675. Calcu